i = u - 35. Suppose 4*h = 3*g + u, 0*h + 2*g - 8 = -h. What is the units digit of h?
4
Suppose 3 = 4*x - 1. Let k be x/2 + (-100)/(-8). Suppose p - 2*p + k = 0. What is the units digit of p?
3
Let h be (3/2 + 0)*-2. What is the units digit of (-2)/h - 20/(-15)?
2
Let c be (-27)/(-2) - 2/4. Suppose w - 2*a - c = 0, w = 3*w + 4*a - 42. Suppose -4*l + w + 19 = 0. What is the units digit of l?
9
What is the units digit of ((-40)/60)/(4/(-30))?
5
Let u be 5/2*(-3 - -1). Let m(t) = -t**2 - 6*t + 4. What is the units digit of m(u)?
9
Suppose 2*n - 12 = -3*x, 4*x + 3*n = -0*n + 17. Suppose 5 = 4*a - 5*a - 4*r, -x*a = -2*r - 30. What is the units digit of a?
1
Let d be 9/(-2)*(-12)/9. Let q(n) = n - 7. Let k be q(d). What is the units digit of -6*-4*k/(-3)?
8
Suppose -270 = -5*g + 2*g. Suppose x + 38 + 62 = 3*s, -4*x + g = 2*s. Let v = s - 18. What is the tens digit of v?
1
Suppose 11*n - 8*n = 144. What is the units digit of n?
8
Suppose 3*f = 9, -z + 17 = f + 3*f. Suppose -3 = y, -75 = -z*v + 3*y + 54. What is the tens digit of v?
2
Let v(i) = -i**3 + 8*i**2 + 2*i - 3. Let p be v(8). Suppose 0 = -3*f + 3*h + 12 + 21, p = 3*f + 2*h. What is the units digit of f?
7
Let b(u) = -u**2 + 5*u - 6. Let r be b(3). Suppose 4*q - 5*q + 8 = r. What is the units digit of q?
8
Suppose -4*n = -6*n + 6. Suppose 0 = -n*f + 2*f + 3. Let q = f + 13. What is the tens digit of q?
1
What is the tens digit of 16/(-64) - (-941)/4?
3
Let o(a) be the first derivative of a**3/3 - a**2/2 - 2*a + 3. What is the tens digit of o(-4)?
1
Let r be (-6)/7*(0 - 7). What is the units digit of (-16)/r*(-6)/4?
4
Suppose -5*l = -15 - 70. Let c = -14 + 9. Let u = c + l. What is the units digit of u?
2
Suppose 2*c - 24 = -2*c. Let p(r) = 0 + r - 4 + 6*r - r**3 + 5*r**2 - 1. What is the units digit of p(c)?
1
Let n(a) be the third derivative of 29*a**5/60 + a**4/12 + 5*a**2. What is the units digit of n(1)?
1
Suppose -4*g - 2*b = -52, -71 = -8*g + 3*g - b. What is the tens digit of g?
1
Suppose 5*d + 272 = 5*g + 4*d, -3*d - 6 = 0. What is the units digit of g?
4
Suppose -5*n + 103 + 17 = 0. Let d = n + -17. What is the units digit of d?
7
Let u = 64 + 9. What is the units digit of u?
3
Suppose o + 80 = 2*u - 17, 0 = -u + 2*o + 47. What is the units digit of u?
9
What is the units digit of (-1)/3 - 20/(-6)?
3
Suppose 0 = -5*s - 15, i - 64 = -0*s + 4*s. Let k = -15 + 23. Suppose 0 = -5*u + i + k. What is the units digit of u?
2
Suppose 0*v = -5*s + 3*v + 183, -160 = -4*s - v. What is the units digit of s?
9
Suppose 2*o = -o - 3. Let i be 4/10 - (-16)/10. Let p = i - o. What is the units digit of p?
3
Let f(j) = -72*j - 1. What is the tens digit of f(-1)?
7
Let h(m) = m + 3. Let k(d) = -d - 3. Let l be k(-9). What is the units digit of h(l)?
9
Let l be (16/3)/(4/66). Let u be l/9 - (-6)/27. Suppose 2*a - u - 20 = 0. What is the units digit of a?
5
Let x(f) = f**3 - 10*f**2 + 4*f - 10. Let r be x(10). Let z = -16 + r. What is the units digit of z?
4
Suppose -3*i - 15 = 4*a - 2, 0 = 5*i - 3*a - 17. Let d(n) = 24*n**2 - 2*n + 1. What is the tens digit of d(i)?
2
Let q(r) = r**3 - 6*r**2 - 3*r. Let m be q(7). Let n = m + 0. What is the units digit of n?
8
Let t(y) = y**2 + 9*y + 12. Suppose 0 = -4*h + h - 2*o - 31, 0 = -h - 2*o - 13. What is the tens digit of t(h)?
1
Let d be (-6)/(3 + (0 - 2)). What is the tens digit of (d*1)/((-6)/16)?
1
Let q = 12 - -4. What is the units digit of q?
6
Let x be (-12)/15*(-10)/4. Let g be (3/x)/(12/(-16)). What is the units digit of (-1)/((-1)/g*-1)?
2
Suppose 3*p + 0*p = -3*r + 114, 0 = -2*p + 3*r + 61. What is the tens digit of p?
3
Let y be ((-3)/(-6)*0)/1. Suppose 2*a - 28 = 5*k, 0 = -3*k - y*k. What is the units digit of a?
4
Suppose -w + 2*z = -60 - 20, 2*z + 290 = 4*w. What is the tens digit of w?
7
What is the units digit of 5 + (72 - 5) - (1 - -2)?
9
Let t = -96 - 12. What is the units digit of ((-8)/6)/(8/t)?
8
Let a(u) = -u**3 + 2*u**2 + 2*u. Let j(i) = -i**2 - 7*i + 10. Let b be j(-9). Let s = b + 6. What is the units digit of a(s)?
2
Suppose -q + 0*n + 2*n + 1 = 0, 4*q = -5*n + 56. Suppose 2*v - 3*v = -q. What is the units digit of v?
9
Suppose 0*i + 10 = -5*i. Let j = 20 + i. What is the units digit of j?
8
Let d(a) = 2*a**3 - 3*a**2 - 2*a - 1. Let s be d(-3). What is the tens digit of (s/(-5))/(4/10)?
3
Let c be 12/(-8)*(7 + 1). Let p be (c/14)/((-2)/(-14)). Let l = 4 - p. What is the units digit of l?
0
Let f = -146 + 219. What is the units digit of f?
3
Let o(l) = -l**3 - 8*l**2 - l - 5. Let t be o(-8). What is the tens digit of -4*(t - (-53)/(-4))?
4
Let w be 1/(-2) + 4/8. Suppose w = 3*c - 5 - 7. Suppose -3*m + 27 = -4*v, -2*m + c*v = 6*v - 4. What is the units digit of m?
5
Suppose 2*f - 5*n = f + 145, 3*f = -5*n + 395. What is the hundreds digit of f?
1
Let t(m) = m + 4. Let x be t(-10). Let l = x + 8. What is the units digit of l?
2
Suppose -4*m - 2 + 18 = 0. Let l be ((-20)/6)/(1/(-3)). Let x = l - m. What is the units digit of x?
6
Suppose -o - o - 4 = -4*k, 2*k = 2*o - 4. Suppose -o*f = -f - 5. What is the units digit of f?
1
Suppose -2*k = -8, q + q - k = 12. What is the units digit of q?
8
Let a(p) = -p**2 + 19*p - 16. What is the tens digit of a(5)?
5
What is the units digit of (-106)/(-12) + 2/12?
9
Let j(c) = 6*c**2 + c. Suppose -2*v = -5*s - 3, 0 = -4*s - 0*v + 5*v + 1. Let x be j(s). Suppose -1 = x*a - 41. What is the units digit of a?
8
Let z = 12 + -4. What is the units digit of z?
8
Let l(h) = -3*h + 4. Let z be l(3). Let u be (-5)/(z/(-2)) - -38. Suppose -u = -2*o - 2*o. What is the units digit of o?
9
Let i = -10 + 63. What is the units digit of i?
3
Suppose 2*t = -3*c + 7, 2*c + 5*t + 11 = 4*c. Suppose -c*p + p = -10. What is the units digit of -4*(35/(-4))/p?
7
Let a(o) = -o + 8. Let s be a(7). Let r(v) = -v**3 - v**2 + v. Let u be r(s). What is the units digit of 2 - -1 - (-1)/u?
2
Suppose -65*p = -61*p - 1360. What is the tens digit of p?
4
Suppose 0 = 5*l - 10*l + 4*v + 20, -l + v + 5 = 0. Let j = 1 - l. What is the units digit of j?
1
Let t(s) = -s**3 + 2*s**2 + 5*s - 5*s + 0*s**3. What is the units digit of t(1)?
1
Let d = -211 + 376. What is the units digit of d?
5
Let c(v) = -5 + v - 2*v + 3*v + 2*v. What is the tens digit of c(5)?
1
Let a = 27 + -16. Let g = a - 6. Let n = g + -4. What is the units digit of n?
1
Let u be ((2 - 1) + -1)*-1. Suppose u*y - 2*y = -10. What is the units digit of y?
5
Let d(j) = -j + 6. Let u(w) = w - 13. Let f(b) = -5*d(b) - 3*u(b). What is the units digit of f(5)?
9
Let t be 23*(-3 - -1)/(-2). What is the units digit of t - 4/(-1 - 3)?
4
Let s be 3/1*(1 - 0). What is the units digit of (s/(-2))/((-9)/48)?
8
Suppose 119 = 3*h - 2*h + 2*w, -3*w - 203 = -2*h. What is the tens digit of h?
0
Let u(a) = -21*a. Let m(d) = d**3 - 15*d**2 + 15*d - 16. Let s be m(14). What is the units digit of u(s)?
2
What is the units digit of ((-3)/(12/53))/((-6)/24)?
3
Let t be (-6)/3 + 0 + 3. Suppose 4*k + 2*g + 3 - 1 = 0, 3*k - 2*g - 16 = 0. Suppose k*z = -t + 5. What is the units digit of z?
2
Let u(g) = -g - 2. Suppose -45 = 5*j + 5*l, -3*l + 9 = 3. What is the units digit of u(j)?
9
Suppose 0*a - 168 = -4*a. What is the tens digit of a?
4
Suppose 4*n - 8 = -m, 2*m - 13 - 23 = 2*n. What is the tens digit of m?
1
Suppose -2*b - 3*b = 0. Let p be (-3)/((-6)/(-4)) - -4. Suppose 4*y = -b*q + q + 7, -2 = p*q - 5*y. What is the units digit of q?
9
Suppose 285 - 53 = 4*u. What is the tens digit of u?
5
Let l(k) = k**3 + 14*k**2 + k + 16. Let w be l(-14). What is the units digit of 16 + -4 - (-5 + w)?
5
Let v be (-4)/((1 + -2)*-1). What is the tens digit of (-74)/v - 2/(-4)?
1
Let o be (-4)/(-5)*(-15)/(-6). Suppose 4*u = -8*m + 4*m + 12, o*m = -4*u + 6. What is the units digit of m?
3
Suppose u - 4*j = -9 - 1, j = -u + 5. Suppose u - 8 = -3*g. Suppose -10 = -g*y + y. What is the tens digit of y?
1
Let r = -86 + 151. What is the units digit of r?
5
Let p(z) = 2*z**3 - z**2 + z + 4. Let s be p(3). Suppose -s = -4*i - 4*v, 0 = -i - 0*i - 3*v + 15. What is the units digit of i?
2
What is the units digit of 31/(-1)*2/(-2)?
1
Let w be (-20)/(-3) + 2/(-3). Let g be (3*3)/(w/(-4)). What is the units digit of (g/(-6))/((-2)/(-18))?
9
Let y(l) = l + 8. Let f be y(-6). Suppose f*v + 40 = 3*v. Suppose 4 - v = -4*t. What is